NOAA-Style Climate Reports

Select a Year or Month report
2018: Jan Feb Mar Apr May Jun Jul Aug Sep Oct Nov Dec
2017: Jan Feb Mar Apr May Jun Jul Aug Sep Oct Nov Dec

Report for 2018 May
                   Monthly Climatological Summary for May 2018

Name: Taylorstown Weather   City: Lovettsville   State: VA
Elevation: 435 ft  Lat: N 39 16 21   Lon: W 077 34 53

                  Temperature (°F), Rain (in), Wind Speed (mph)

                                      Heat  Cool        Avg
    Mean                              Deg   Deg         Wind                 Dom
Day Temp  High   Time   Low    Time   Days  Days  Rain  Speed High   Time    Dir
----------------------------------------------------------------------------------
01  64.2  81.2   17:30  41.4   05:32   0.0  45.9  0.00   1.5  13.0   09:20     W
02  70.3  87.3   17:03  45.9   06:34   0.0  52.0  0.00   1.5  20.0   11:47   WSW
03  76.6  89.3   14:54  58.9   06:20   0.0  58.5  0.00   2.7  19.0   13:10    SW
04  75.8  87.9   16:34  63.8   05:36   0.0  57.5  0.00   1.4  20.0   22:47     W
05  62.9  73.7   00:00  52.7   23:50   0.0  44.6  0.26   1.3  15.0   01:20     N
06  56.2  59.8   11:16  52.5   06:00   0.0  37.9  0.09   1.1  10.0   09:17   NNE
07  61.4  72.9   14:53  47.6   06:06   0.0  43.1  0.00   1.8  13.0   10:19    NE
08  63.7  74.9   15:41  52.2   04:19   0.0  45.4  0.00   0.7  11.0   14:14   ESE
09  64.4  77.5   17:13  47.5   06:17   0.0  46.1  0.00   0.9  13.0   18:50     S
10  65.3  77.9   15:36  57.0   05:52   0.0  47.0  0.06   0.4  26.0   16:36   WSW
11  67.0  78.1   16:21  53.0   05:44   0.0  48.4  0.00   1.3  14.0   14:37   NNE
12  64.0  66.7   10:47  57.1   06:17   0.0  45.7  0.00   0.2   9.0   02:56   NNE
13  66.7  66.7   00:00  66.7   00:00   0.0  48.4  0.00   0.0   0.0   00:00     N
14  68.2  79.3   16:15  63.8   23:57   0.0  49.9  0.76   0.3  17.0   18:17   NNE
15  72.9  88.0   15:37  62.4   06:01   0.0  54.6  1.36   2.3  21.0   18:58   WSW
16  68.5  73.8   14:19  65.1   23:56   0.0  50.2  0.68   0.8  12.0   20:04   ESE
17  65.6  68.8   17:41  62.6   08:36   0.0  47.3  0.74   0.9  10.0   10:58    NE
18  63.1  68.0   12:14  53.8   23:42   0.0  44.8  0.68   4.3  24.0   15:06     E
19  56.2  62.5   23:39  51.8   06:23   0.0  37.9  0.52   1.0  14.0   00:16    NE
20  73.9  86.2   17:07  61.8   00:02   0.0  55.7  0.00   1.5  18.0   13:53   WNW
21  70.7  79.2   16:29  62.4   02:29   0.0  52.4  0.00   0.6  12.0   08:16    NE
----------------------------------------------------------------------------------
    66.6  89.3     3    41.4     1     0.01013.3  5.15   1.3  26.0    10       N

Max >=  27.0 21
Max <=   0.0  0
Min <=   0.0  0
Min <= -18.0  0
Max Rain: 1.36 on day 15
Days of Rain: 7 (>= 0.20 in)  0 (>= 2.00 in)  0 (>= 20.00 in)
Heat Base: 18.3  Cool Base: 18.3  Method: Integration