NOAA-Style Climate Reports

Select a Year or Month report
2018: Jan Feb Mar Apr May Jun Jul Aug Sep Oct Nov Dec
2017: Jan Feb Mar Apr May Jun Jul Aug Sep Oct Nov Dec

Report for 2018 April
                   Monthly Climatological Summary for Apr 2018

Name: Taylorstown Weather   City: Lovettsville   State: VA
Elevation: 435 ft  Lat: N 39 16 21   Lon: W 077 34 53

                  Temperature (°F), Rain (in), Wind Speed (mph)

                                      Heat  Cool        Avg
    Mean                              Deg   Deg         Wind                 Dom
Day Temp  High   Time   Low    Time   Days  Days  Rain  Speed High   Time    Dir
----------------------------------------------------------------------------------
01  52.4  61.5   12:59  44.4   22:58   0.0  34.1  0.00   2.2  18.0   13:49    NW
02  42.1  47.3   01:47  35.9   05:22   0.0  23.8  0.25   2.2  20.0   03:08    NE
03  46.1  50.8   18:31  41.7   06:44   0.0  27.8  0.03   2.4  14.0   08:18     S
04  50.4  62.7   10:06  39.4   23:57   0.0  32.1  0.01   5.2  36.0   16:49   WNW
05  40.4  50.7   18:06  32.7   06:42   0.0  22.1  0.00   3.4  24.0   13:26    NW
06  50.3  68.4   15:42  39.5   00:03   0.0  32.0  0.00   1.5  18.0   15:06   WSW
07  40.4  55.8   00:00  35.1   23:59   0.0  22.1  0.00   5.0  24.0   06:40     N
08  37.8  48.1   16:31  28.7   07:02   0.0  19.5  0.00   3.3  21.0   10:33     N
09  36.1  40.1   13:55  31.4   08:27   0.0  17.8  0.00   0.7  14.0   11:14    SE
10  40.6  51.7   16:33  28.3   07:23   0.0  22.3  0.01   2.0  18.0   15:26     N
11  44.8  58.3   17:40  31.2   01:12   0.0  26.5  0.00   1.6  15.0   15:51   WSW
12  56.1  76.1   17:37  34.3   04:01   0.0  36.9  0.00   4.0  24.0   15:37    SW
13  71.4  84.5   15:50  58.3   06:35   0.0  53.1  0.00   5.2  26.0   18:15    SW
14  71.8  82.6   15:32  56.6   06:02   0.0  53.5  0.00   4.0  23.0   14:58    SW
15  53.1  70.6   00:00  42.1   23:58   0.0  34.8  0.56   6.7  34.0   20:28     E
16  46.1  51.8   14:50  40.7   23:58   0.0  27.8  1.14   4.3  30.0   15:44   NNW
17  40.1  44.1   17:05  37.1   22:47   0.0  21.8  0.00   5.4  27.0   18:19   WNW
18  46.1  59.9   17:24  29.4   06:16   0.0  27.8  0.00   1.3  15.0   14:10   WNW
19  47.5  58.9   10:00  40.7   23:30   0.0  29.2  0.00   4.3  28.0   12:55   NNW
20  46.5  57.6   16:50  35.9   05:26   0.0  28.2  0.00   4.7  22.0   08:56   NNW
21  47.2  59.2   16:30  30.2   06:49   0.0  28.9  0.00   0.5  12.0   14:37   NNW
22  54.4  64.8   14:14  42.8   04:43   0.0  36.1  0.00   2.5  15.0   11:57   ESE
23  57.0  67.2   14:08  42.3   06:49   0.0  38.7  0.00   2.2  18.0   17:33     S
24  55.1  61.1   13:33  51.6   23:41   0.0  36.8  0.41   4.7  21.0   14:38   ESE
25  56.7  63.3   18:04  51.4   01:56   0.0  38.4  0.37   2.0  17.0   00:03   NNE
26  57.3  68.9   17:45  43.8   06:08   0.0  39.0  0.00   1.7  17.0   02:12    NW
27  55.0  63.1   17:39  49.9   05:24   0.0  36.7  0.42   1.0  12.0   06:26    NE
28  58.3  73.5   14:36  42.0   06:16   0.0  40.0  0.01   2.4  19.0   21:18   NNW
29  46.6  52.1   16:30  39.1   23:23   0.0  28.3  0.00   3.7  24.0   15:58   NNW
30  56.3  70.0   17:16  39.6   00:03   0.0  38.0  0.00   2.9  20.0   11:56    NW
----------------------------------------------------------------------------------
    50.1  84.5    13    28.3    10     0.0 954.1  3.21   3.1  36.0     4      NW

Max >=  27.0 30
Max <=   0.0  0
Min <=   0.0  0
Min <= -18.0  0
Max Rain: 1.14 on day 16
Days of Rain: 6 (>= 0.20 in)  0 (>= 2.00 in)  0 (>= 20.00 in)
Heat Base: 18.3  Cool Base: 18.3  Method: Integration