NOAA-Style Climate Reports

Select a Year or Month report
2018: Jan Feb Mar Apr May Jun Jul Aug Sep Oct Nov Dec
2017: Jan Feb Mar Apr May Jun Jul Aug Sep Oct Nov Dec

Report for 2018 March
                   Monthly Climatological Summary for Mar 2018

Name: Taylorstown Weather   City: Lovettsville   State: VA
Elevation: 435 ft  Lat: N 39 16 21   Lon: W 077 34 53

                  Temperature (°F), Rain (in), Wind Speed (mph)

                                      Heat  Cool        Avg
    Mean                              Deg   Deg         Wind                 Dom
Day Temp  High   Time   Low    Time   Days  Days  Rain  Speed High   Time    Dir
----------------------------------------------------------------------------------
01  47.5  53.2   15:43  40.9   04:53   0.0  29.2  0.33   0.9  38.0   23:50   SSW
02  40.9  47.8   00:00  37.7   07:51   0.0  22.6  0.00  12.3  49.0   07:51   NNW
03  41.1  41.1   00:00  41.1   00:00   0.0  22.8  0.00  12.0  11.0   00:00   NNW
04  41.1  41.1   00:00  41.1   00:00   0.0  22.8  0.00  12.0  11.0   00:00   NNW
05  41.1  41.1   00:00  41.1   00:00   0.0  22.8  0.00  12.0  11.0   00:00   NNW
06  40.1  41.7   14:34  34.5   23:48   0.0  21.8  0.00   7.8  15.0   15:56    NW
07  38.3  46.9   14:46  33.8   03:03   0.0  20.0  0.02   3.3  20.0   15:22   NNW
08  34.4  42.0   13:38  29.5   05:19   0.0  16.1  0.00   3.9  25.0   16:22   WNW
09  33.2  39.5   14:17  26.2   22:42   0.0  14.9  0.00   5.2  24.0   08:49   WNW
10  36.3  48.3   15:23  25.7   07:04   0.0  18.0  0.00   1.3  15.0   11:45    NW
11  34.1  47.3   16:06  21.9   07:47   0.0  15.2  0.00   1.3  14.0   11:07     N
12  33.0  40.6   15:42  24.4   04:06   0.0  14.7  0.00   3.1  16.0   17:02   NNE
13  35.3  43.8   15:39  29.9   07:06   0.0  17.0  0.00   4.8  27.0   11:16   NNW
14  33.3  39.0   14:20  28.5   06:42   0.0  15.0  0.00   4.7  27.0   16:12   WNW
15  39.8  48.9   15:15  30.8   07:42   0.0  21.5  0.00   3.9  25.0   14:38   WNW
16  36.4  41.5   15:40  31.1   07:58   0.0  18.1  0.00   4.7  27.0   08:38   NNW
17  33.6  40.8   13:49  23.6   05:19   0.0  15.3  0.00   0.7  13.0   14:09   WNW
18  42.3  57.7   18:22  29.2   07:16   0.0  24.0  0.00   1.9  17.0   10:17   NNW
19  43.8  59.0   16:15  25.4   06:57   0.0  25.5  0.00   1.9  14.0   11:08     E
20  32.6  43.7   00:00  28.1   20:53   0.0  14.3  0.05   5.4  18.0   10:18    NE
21  30.8  32.7   15:40  28.2   00:31   0.0  12.5  0.23   5.6  17.0   02:49   NNE
22  36.7  43.9   16:58  30.3   06:29   0.0  18.4  0.43   5.2  22.0   23:15   NNW
23  37.8  44.3   14:56  31.2   06:21   0.0  19.5  0.00   5.0  23.0   22:29     N
24  36.4  45.1   17:03  23.8   06:34   0.0  18.1  0.00   1.9  15.0   14:09     N
25  34.1  41.5   17:10  27.2   07:19   0.0  15.8  0.00   5.2  22.0   04:01    NE
26  37.1  48.6   17:21  23.4   07:16   0.0  18.8  0.00   2.2  16.0   15:58    SE
27  36.4  40.7   12:17  29.5   06:07   0.0  18.1  0.04   2.6  15.0   11:16   SSW
28  43.3  47.8   17:55  38.6   00:00   0.0  25.0  0.15   0.2   7.0   00:01    SW
29  55.8  71.2   22:00  45.1   06:17   0.0  37.5  0.01   1.1  19.0   23:18     S
30  57.5  70.8   00:00  41.7   23:59   0.0  39.2  0.05   4.0  23.0   16:03   NNW
31  47.9  60.3   16:52  32.1   06:54   0.0  29.6  0.00   3.5  21.0   00:55    SW
----------------------------------------------------------------------------------
    39.1  71.2    29    21.9    11     0.0 644.1  1.31   4.6  49.0     2     NNW

Max >=  27.0 31
Max <=   0.0  0
Min <=   0.0  0
Min <= -18.0  0
Max Rain: 0.43 on day 22
Days of Rain: 3 (>= 0.20 in)  0 (>= 2.00 in)  0 (>= 20.00 in)
Heat Base: 18.3  Cool Base: 18.3  Method: Integration