NOAA-Style Climate Reports

Select a Year or Month report
2018: Jan Feb Mar Apr May Jun Jul Aug Sep Oct Nov Dec
2017: Jan Feb Mar Apr May Jun Jul Aug Sep Oct Nov Dec

Report for 2018 January
                   Monthly Climatological Summary for Jan 2018

Name: Taylorstown Weather   City: Lovettsville   State: VA
Elevation: 435 ft  Lat: N 39 16 21   Lon: W 077 34 53

                  Temperature (°F), Rain (in), Wind Speed (mph)

                                      Heat  Cool        Avg
    Mean                              Deg   Deg         Wind                 Dom
Day Temp  High   Time   Low    Time   Days  Days  Rain  Speed High   Time    Dir
----------------------------------------------------------------------------------
01  15.5  21.3   14:11  11.6   06:47   3.2   0.4  0.00   3.6  20.0   18:38    NW
02  15.7  24.9   15:43   7.9   06:26   3.8   1.2  0.00   2.2  17.0   01:08   WNW
03  18.0  29.9   15:06   1.2   07:37   4.9   4.7  0.00   0.2   7.0   16:02     S
04  21.2  26.8   02:43  12.5   23:53   0.7   3.7  0.00   8.3  32.0   11:32   NNW
05  12.6  17.2   13:16   8.9   07:13   5.7   0.0  0.00   6.3  27.0   01:09    NW
06  11.5  17.4   14:00   6.9   05:39   6.8   0.0  0.00   4.8  24.0   10:31    NW
07  14.8  23.5   14:56   2.4   07:01   4.7   1.3  0.00   2.6  13.0   00:06    SW
08  24.2  33.1   22:10  15.0   07:52   0.8   6.7  0.00   0.4  12.0   13:54    SW
09  39.6  49.3   15:46  28.2   01:20   0.0  21.3  0.01   1.2  16.0   09:35    NW
10  33.3  43.9   15:38  20.2   06:45   0.0  15.0  0.00   0.9  11.0   13:15     S
11  47.3  60.8   15:19  34.4   02:37   0.0  29.0  0.00   1.3  16.0   19:48   SSW
12  63.3  69.7   14:44  52.8   23:59   0.0  45.0  0.94   5.1  23.0   10:39   SSW
13  30.0  52.8   00:00  17.4   23:53   0.0  11.7  0.28   7.5  32.0   05:37   NNW
14  17.8  23.8   14:55  13.1   07:48   1.6   1.2  0.00   4.6  17.0   04:30     N
15  19.8  27.6   15:52   9.1   07:50   2.0   3.5  0.00   0.4   8.0   08:47    NE
16  30.1  35.5   15:14  23.1   00:00   0.0  11.8  0.00   0.2   8.0   23:18    SW
17  21.8  30.7   00:00  16.3   23:16   0.2   3.7  0.00   5.5  20.0   06:06     N
18  28.6  42.3   16:07  15.2   03:40   0.8  11.1  0.00   2.5  23.0   11:30    NW
19  39.6  52.3   16:39  26.4   23:43   0.0  21.3  0.00   2.0  22.0   09:05   WNW
20  44.6  61.5   15:44  25.3   02:30   0.0  26.3  0.00   1.6  17.0   12:54     W
21  45.0  58.8   15:05  38.6   05:56   0.0  26.7  0.00   0.0   8.0   01:29   WSW
22  51.2  64.9   15:06  39.1   07:06   0.0  32.9  0.00   2.3  18.0   16:57   SSW
23  51.3  57.6   12:03  43.7   23:45   0.0  32.9  0.56   3.8  25.0   15:03   WNW
24  38.6  44.0   00:28  31.9   23:24   0.0  20.3  0.00   3.6  22.0   01:17    NW
25  31.9  39.1   15:35  22.7   23:19   0.0  13.6  0.00   3.0  21.0   06:00   NNW
26  32.4  46.8   15:25  17.9   07:50   0.0  14.2  0.00   0.9  11.0   11:17     S
27  43.9  60.4   14:17  21.3   07:35   0.0  25.7  0.00   4.0  22.0   17:09    SW
28  48.5  56.3   00:00  41.5   23:28   0.0  30.2  0.11   0.7  14.0   00:32    NW
29  41.4  45.5   13:18  29.1   23:51   0.0  23.1  0.01   2.6  13.0   10:23    NE
30  27.7  34.3   03:46  20.3   23:54   0.0   9.4  0.00   5.7  27.0   20:09   NNW
31  28.1  38.0   23:58  17.1   04:03   0.1   9.9  0.00   3.2  16.0   16:12    SW
----------------------------------------------------------------------------------
    31.9  69.7    12     1.2     3    35.3 457.8  1.91   2.9  32.0     4      NW

Max >=  27.0 24
Max <=   0.0  0
Min <=   0.0  0
Min <= -18.0  0
Max Rain: 0.94 on day 12
Days of Rain: 3 (>= 0.20 in)  0 (>= 2.00 in)  0 (>= 20.00 in)
Heat Base: 18.3  Cool Base: 18.3  Method: Integration