NOAA-Style Climate Reports

Select a Year or Month report
2018: Jan Feb Mar Apr May Jun Jul Aug Sep Oct Nov Dec
2017: Jan Feb Mar Apr May Jun Jul Aug Sep Oct Nov Dec

Report for 2017 December
                   Monthly Climatological Summary for Dec 2017

Name: Taylorstown Weather   City: Lovettsville   State: VA
Elevation: 435 ft  Lat: N 39 16 21   Lon: W 077 34 53

                  Temperature (°F), Rain (in), Wind Speed (mph)

                                      Heat  Cool        Avg
    Mean                              Deg   Deg         Wind                 Dom
Day Temp  High   Time   Low    Time   Days  Days  Rain  Speed High   Time    Dir
----------------------------------------------------------------------------------
01  43.9  52.4   14:17  28.0   23:48   0.0  25.6  0.00   1.3  12.0   11:04     N
02  36.9  50.8   14:18  24.4   05:43   0.0  18.6  0.00   0.5  11.0   11:36     S
03  41.0  54.4   14:54  29.9   23:54   0.0  22.7  0.08   0.4  10.0   11:53   NNW
04  39.6  53.6   15:02  25.7   04:54   0.0  21.3  0.00   1.2  16.0   13:51   SSW
05  48.9  55.6   13:22  43.2   06:15   0.0  30.6  0.17   1.4  21.0   23:58   SSW
06  40.6  50.7   00:00  34.6   20:33   0.0  22.3  0.00   3.3  28.0   03:10    NW
07  41.3  46.2   14:58  38.1   06:33   0.0  23.0  0.00   3.4  22.0   04:08   WNW
08  34.8  38.9   00:00  32.0   07:27   0.0  16.5  0.00   1.2  14.0   00:07     N
09  29.3  33.3   08:00  21.9   22:09   0.0  11.0  0.00   0.0   3.0   11:52     N
10  32.7  39.2   14:47  23.7   01:12   0.0  14.4  0.04   1.7  18.0   11:42   WNW
11  37.9  45.6   14:14  30.2   00:00   0.0  19.6  0.00   1.3  14.0   11:27   WSW
12  35.2  46.4   11:02  21.0   23:36   0.0  16.9  0.00   3.8  30.0   18:40    NW
13  25.9  32.1   23:35  19.3   07:16   0.0   7.6  0.00   4.2  27.0   04:32   WNW
14  33.0  39.0   08:58  26.2   23:51   0.0  14.7  0.00   2.7  27.0   09:37   NNW
15  24.9  33.7   23:58  19.8   20:16   0.0   6.7  0.00   0.3  15.0   22:40   WNW
16  35.8  45.6   15:21  25.4   23:57   0.0  17.5  0.00   2.9  19.0   12:15   WSW
17  35.6  47.5   14:52  22.4   04:31   0.0  17.3  0.00   0.1   5.0   14:52    NE
18  44.6  55.5   13:59  32.8   07:20   0.0  26.3  0.00   0.4  12.0   13:46   WSW
19  50.6  58.7   15:06  42.7   21:58   0.0  32.3  0.00   2.0  20.0   23:27     W
20  43.0  54.8   00:06  25.1   23:46   0.0  24.6  0.00   1.1  23.0   00:23   WNW
21  33.0  44.4   15:16  21.3   07:36   0.0  14.7  0.00   0.3   8.0   15:16    SW
22  39.3  44.0   13:57  34.2   00:32   0.0  21.0  0.01   0.7   9.0   07:52   SSW
23  46.3  60.5   15:42  40.3   00:27   0.0  28.0  0.38   2.8  29.0   20:09   WNW
24  38.2  41.7   00:00  35.7   07:58   0.0  19.9  0.00   2.0  18.0   02:01    NE
25  31.2  38.6   03:24  27.3   23:46   0.0  12.9  0.01   6.5  35.0   05:26   WNW
26  28.8  34.3   14:04  24.6   07:19   0.0  10.5  0.00   3.4  20.0   10:33   WNW
27  23.4  29.2   00:12  15.0   23:54   0.3   5.4  0.00   4.5  19.0   20:20     N
28  14.8  21.1   13:46   9.0   21:59   3.9   0.4  0.00   2.7  17.0   12:36     N
29  18.8  29.3   15:56   9.2   00:04   2.0   2.5  0.00   1.2  16.0   12:42     N
30  23.0  32.5   13:53  18.2   23:59   0.0   4.7  0.02   3.0  20.0   19:36    NW
31  15.8  18.4   12:38  12.8   23:19   2.5   0.0  0.00   3.6  18.0   13:41   NNW
----------------------------------------------------------------------------------
    34.5  60.5    23     9.0    28     8.7 509.5  0.71   2.1  35.0    25      NW

Max >=  27.0 29
Max <=   0.0  0
Min <=   0.0  0
Min <= -18.0  0
Max Rain: 0.38 on day 23
Days of Rain: 1 (>= 0.20 in)  0 (>= 2.00 in)  0 (>= 20.00 in)
Heat Base: 18.3  Cool Base: 18.3  Method: Integration