NOAA-Style Climate Reports

Select a Year or Month report
2017: Jan Feb Mar Apr May Jun Jul Aug Sep Oct Nov Dec

Report for 2017 November
                   Monthly Climatological Summary for Nov 2017

Name: Taylorstown Weather   City: Lovettsville   State: VA
Elevation: 435 ft  Lat: N 39 16 21   Lon: W 077 34 53

                  Temperature (°F), Rain (in), Wind Speed (mph)

                                      Heat  Cool        Avg
    Mean                              Deg   Deg         Wind                 Dom
Day Temp  High   Time   Low    Time   Days  Days  Rain  Speed High   Time    Dir
----------------------------------------------------------------------------------
01  44.5  49.7   16:29  35.3   00:03   0.0  26.2  0.00   0.4   8.0   06:38    NE
02  56.3  73.7   16:43  41.8   05:12   0.0  38.0  0.00   0.4  11.0   17:01    SW
03  59.6  74.1   15:49  47.1   07:18   0.0  41.3  0.00   0.9  16.0   18:55     N
04  50.5  56.9   14:25  43.9   07:55   0.0  32.2  0.33   1.5  15.0   03:07    NE
05  53.7  58.6   23:53  49.0   00:07   0.0  36.9  0.13   1.1  13.0   18:45    SW
06  60.6  72.1   14:07  48.3   23:56   0.0  42.3  0.00   2.0  22.0   19:38   NNW
07  41.2  48.3   00:00  38.1   22:50   0.0  22.9  0.60   2.2  13.0   08:46   NNE
08  40.9  46.5   14:35  36.7   06:31   0.0  22.6  0.00   0.8   9.0   10:05   NNE
09  43.2  47.0   14:13  38.1   00:30   0.0  24.9  0.05   0.1   7.0   09:41     N
10  37.8  48.4   01:53  26.1   23:56   0.0  19.5  0.00   5.8  29.0   06:32     N
11  27.3  36.3   14:48  17.5   06:22   0.0   9.1  0.00   0.2   6.0   00:45     N
12  34.7  45.3   14:09  23.9   00:58   0.0  16.4  0.01   0.2   8.0   14:32   ESE
13  41.0  48.2   15:17  35.4   07:08   0.0  22.7  0.11   0.7  13.0   13:39     N
14  41.8  46.7   11:22  33.2   04:37   0.0  23.5  0.00   1.0  12.0   14:21     N
15  41.1  52.5   15:22  25.6   07:07   0.0  22.8  0.03   1.3  12.0   15:37   SSW
16  47.0  58.7   12:31  38.8   05:58   0.0  28.7  0.01   2.5  22.0   12:20    NW
17  42.3  52.3   15:43  31.2   22:33   0.0  24.0  0.00   1.6  20.0   10:09   NNW
18  40.8  60.6   23:32  26.5   04:00   0.0  22.5  0.01   1.4  24.0   22:07    SW
19  47.0  59.5   00:00  38.9   23:09   0.0  28.7  0.03   5.4  33.0   04:08   WNW
20  40.4  50.7   15:29  32.0   23:59   0.0  22.1  0.00   1.9  19.0   00:18   WNW
21  42.5  58.3   15:26  23.7   06:51   0.0  24.3  0.00   1.3  11.0   13:05    SW
22  45.2  53.8   08:09  35.0   23:54   0.0  26.9  0.00   2.9  23.0   10:51   NNW
23  34.0  44.3   15:18  26.0   23:46   0.0  15.7  0.00   0.5  11.0   02:04   NNW
24  38.1  54.1   14:39  22.2   06:04   0.0  19.9  0.00   0.7  11.0   12:48   SSW
25  46.3  61.8   14:47  26.7   06:47   0.0  28.0  0.00   0.1   9.0   17:26   WNW
26  56.2  56.2   00:00  56.2   00:00   0.0  37.9  0.00   0.0   0.0   00:00     N
27  56.2  56.2   00:00  56.2   00:00   0.0  37.9  0.00   0.0   0.0   00:00     N
28  56.2  56.2   00:00  56.2   00:00   0.0  37.9  0.00   0.0   0.0   00:00     N
29  51.5  66.4   13:18  31.7   23:41   0.0  33.2  0.00   1.1  18.0   13:32   NNW
30  43.4  54.1   15:26  31.6   01:25   0.0  25.1  0.00   0.8  12.0   15:27     S
----------------------------------------------------------------------------------
    45.4  74.1     3    17.5    11     0.0 814.1  1.31   1.3  33.0    19      NW

Max >=  27.0 30
Max <=   0.0  0
Min <=   0.0  0
Min <= -18.0  0
Max Rain: 0.60 on day 7
Days of Rain: 2 (>= 0.20 in)  0 (>= 2.00 in)  0 (>= 20.00 in)
Heat Base: 18.3  Cool Base: 18.3  Method: Integration