NOAA-Style Climate Reports

Select a Year or Month report
2017: Jan Feb Mar Apr May Jun Jul Aug Sep Oct Nov Dec

Report for 2017 October
                   Monthly Climatological Summary for Oct 2017

Name: Taylorstown Weather   City: Lovettsville   State: VA
Elevation: 435 ft  Lat: N 39 16 21   Lon: W 077 34 53

                  Temperature (°F), Rain (in), Wind Speed (mph)

                                      Heat  Cool        Avg
    Mean                              Deg   Deg         Wind                 Dom
Day Temp  High   Time   Low    Time   Days  Days  Rain  Speed High   Time    Dir
----------------------------------------------------------------------------------
01  51.2  67.2   17:24  37.0   06:28   0.0  32.9  0.00   0.7  11.0   11:49    NE
02  54.0  72.9   16:22  36.7   07:18   0.0  35.7  0.00   0.3   8.0   14:10    NW
03  57.3  73.2   15:16  41.0   07:14   0.0  39.0  0.00   0.4  10.0   12:59     S
04  59.6  77.9   16:15  41.4   07:29   0.0  41.3  0.00   0.4  10.0   12:41   WSW
05  65.1  82.3   15:06  49.3   06:30   0.0  46.8  0.00   0.2  12.0   14:23     W
06  69.2  82.6   15:22  57.0   06:57   0.0  50.9  0.00   0.2   8.0   13:51    NW
07  71.0  84.1   15:07  55.8   06:57   0.0  52.7  0.00   1.2  16.0   13:23    SW
08  74.3  78.6   15:34  72.3   08:42   0.0  56.0  0.31   0.8  15.0   02:52    SW
09  76.9  87.4   16:58  71.3   06:54   0.0  58.6  0.89   2.7  26.0   07:48    SW
10  73.4  84.8   17:20  63.2   07:55   0.0  55.1  0.00   0.2   9.0   13:49     N
11  67.8  72.7   00:09  63.8   12:02   0.0  49.5  0.45   1.6  14.0   21:50   ENE
12  61.5  64.3   00:01  58.0   23:53   0.0  43.2  0.01   4.0  17.0   10:27     E
13  58.8  61.9   15:45  56.3   07:18   0.0  40.5  0.00   1.5  11.0   08:40   ENE
14  62.0  69.3   18:05  59.1   00:58   0.0  43.7  0.01   0.1   7.0   15:38   NNW
15  67.5  77.5   16:03  60.7   01:54   0.0  49.2  0.00   1.5  14.0   21:59    SW
16  59.4  68.6   00:00  48.2   23:58   0.0  41.0  0.00   3.3  21.0   13:17     N
17  47.8  63.0   17:07  33.9   07:42   0.0  29.5  0.00   0.4  11.0   13:26     N
18  51.1  69.9   15:45  34.4   07:23   0.0  32.8  0.00   0.2  10.0   12:56   WSW
19  53.4  73.4   15:51  35.5   07:49   0.0  35.1  0.00   0.2  10.0   15:18   WSW
20  57.5  73.4   16:41  45.3   03:51   0.0  39.2  0.00   0.4  13.0   12:37   NNW
21  56.1  75.2   15:57  39.8   07:43   0.0  37.8  0.00   0.1   8.0   13:13     S
22  51.7  55.5   09:42  42.7   07:13   0.0  33.4  0.00   0.0   4.0   09:41     N
23  55.5  55.5   00:00  55.5   00:00   0.0  20.2  0.00   0.0   3.0   00:00     N
24  62.4  69.3   16:24   0.0   14:15   0.0  17.9  0.71   1.6  15.0   14:21    SW
25  54.6  62.6   15:52  47.9   22:19   0.0  36.3  0.00   1.2  13.0   10:22   NNW
26  48.9  57.7   16:30  36.6   23:52   0.0  30.6  0.00   1.9  17.0   13:47    NW
27  48.9  64.9   16:27  31.3   07:18   0.0  30.6  0.00   0.6  13.0   14:02     S
28  57.7  68.2   15:07  47.1   07:07   0.0  39.4  0.00   2.0  22.0   13:35    SW
29  55.1  64.2   11:17  43.1   23:59   0.0  36.8  1.37   2.7  26.0   21:40   NNW
30  48.7  57.8   16:29  42.6   01:10   0.0  30.5  0.16   4.4  28.0   01:42   WNW
31  48.8  58.2   16:27  35.4   23:51   0.0  30.5  0.00   1.3  17.0   11:04   WNW
----------------------------------------------------------------------------------
    58.9  87.4     9     0.0    24     0.01216.7  3.91   1.2  28.0    30      NW

Max >=  27.0 31
Max <=   0.0  0
Min <=   0.0  1
Min <= -18.0  0
Max Rain: 1.37 on day 29
Days of Rain: 5 (>= 0.20 in)  0 (>= 2.00 in)  0 (>= 20.00 in)
Heat Base: 18.3  Cool Base: 18.3  Method: Integration