NOAA-Style Climate Reports

Select a Year or Month report
2017: Jan Feb Mar Apr May Jun Jul Aug Sep Oct Nov Dec

Report for 2017 September
                   Monthly Climatological Summary for Sep 2017

Name: Taylorstown Weather   City: Lovettsville   State: VA
Elevation: 435 ft  Lat: N 39 16 21   Lon: W 077 34 53

                  Temperature (°F), Rain (in), Wind Speed (mph)

                                      Heat  Cool        Avg
    Mean                              Deg   Deg         Wind                 Dom
Day Temp  High   Time   Low    Time   Days  Days  Rain  Speed High   Time    Dir
----------------------------------------------------------------------------------
01  61.9  82.7   13:45  50.4   05:40   0.0  25.0  0.00  ----  13.0   11:42   WSW
02  57.2  58.7   22:45   0.0   09:36   0.0  23.6 11.58   2.4  11.0   12:59    NE
03  64.7  76.4   15:42  57.3   07:08   0.0  46.4  0.02   1.2  19.0   16:25   WNW
04  68.4  80.9   16:03  53.9   06:48   0.0  50.1  0.00   0.6  14.0   14:24   WSW
05  70.3  84.9   14:01  63.3   06:50   0.0  52.0  1.08   0.7  25.0   16:09   WSW
06  61.3  65.3   02:58  58.4   23:04   0.0  43.0  0.75   0.6   9.0   21:22   NNE
07  60.7  70.2   14:47  50.7   07:04   0.0  42.4  0.01   1.5  20.0   13:32   WNW
08  59.6  73.5   16:04  47.2   06:44   0.0  41.3  0.00   0.9  14.0   13:26    NW
09  57.4  68.7   16:23  47.4   06:52   0.0  39.1  0.00   1.3  16.0   16:26   NNE
10  56.0  69.3   15:47  43.2   04:31   0.0  37.7  0.00   1.6  16.0   13:30    NE
11  58.0  71.0   15:15  42.9   06:48   0.0  39.8  0.00   0.5   8.0   10:33    NE
12  62.6  74.9   15:53  52.7   04:12   0.0  44.3  0.00   0.2   8.0   14:14   ENE
13  66.0  76.2   18:10  60.0   02:05   0.0  47.7  0.09   0.1   7.0   17:30    SW
14  68.5  77.6   14:13  60.9   00:16   0.0  50.2  0.01   0.3   9.0   13:13   WNW
15  68.8  80.7   16:22  57.7   07:11   0.0  50.5  0.00   0.4  11.0   09:54   NNW
16  69.5  82.0   15:37  57.9   06:00   0.0  51.2  0.00   0.4  12.0   13:59     N
17  69.6  80.9   16:54  59.7   05:38   0.0  51.3  0.00   0.2   9.0   18:35     E
18  69.3  78.4   15:52  62.0   05:01   0.0  51.1  0.00   1.3  12.0   14:18   ENE
19  69.9  80.9   16:22  60.8   04:03   0.0  51.6  0.00   1.2  11.0   13:03     N
20  69.9  85.4   18:13  58.6   04:34   0.0  51.6  0.00   0.7  11.0   11:15     N
21  69.1  83.9   17:36  57.3   05:02   0.0  50.8  0.00   0.6  10.0   14:45     N
22  68.9  80.3   16:13  59.5   06:04   0.0  50.6  0.00   0.5  10.0   13:13     N
23  67.7  87.8   18:09  53.1   07:24   0.0  49.4  0.00   0.4  10.0   10:34   NNW
24  71.2  87.8   16:18  56.9   04:39   0.0  52.9  0.00   0.8  12.0   14:08   NNE
25  73.3  87.7   15:32  60.8   05:45   0.0  55.0  0.00   0.2   9.0   14:20    NE
26  72.8  84.2   15:19  62.1   05:48   0.0  54.5  0.00   1.2  13.0   10:10   ENE
27  73.5  87.8   16:15  62.8   04:04   0.0  55.2  0.00   1.8  13.0   14:25   NNE
28  70.6  76.5   16:15  61.1   23:59   0.0  52.3  0.00   3.2  19.0   15:10     N
29  60.7  72.9   16:51  46.1   07:20   0.0  42.4  0.00   0.6  10.0   00:10    NW
30  58.2  64.4   15:14  45.6   23:54   0.0  39.9  0.00   3.3  22.0   12:55     N
----------------------------------------------------------------------------------
    65.9  87.8    23     0.0     2     0.01392.9 13.54   1.0  25.0     5       N

Max >=  27.0 30
Max <=   0.0  0
Min <=   0.0  1
Min <= -18.0  0
Max Rain: 11.58 on day 2
Days of Rain: 3 (>= 0.20 in)  1 (>= 2.00 in)  0 (>= 20.00 in)
Heat Base: 18.3  Cool Base: 18.3  Method: Integration