NOAA-Style Climate Reports

Select a Year or Month report
2017: Jan Feb Mar Apr May Jun Jul Aug Sep Oct Nov Dec

Report for 2017 May
                   Monthly Climatological Summary for May 2017

Name: Taylorstown Weather   City: Lovettsville   State: VA
Elevation: 435 ft  Lat: N 39 16 21   Lon: W 077 34 53

                  Temperature (°F), Rain (in), Wind Speed (mph)

                                      Heat  Cool        Avg
    Mean                              Deg   Deg         Wind                 Dom
Day Temp  High   Time   Low    Time   Days  Days  Rain  Speed High   Time    Dir
----------------------------------------------------------------------------------
01  71.1  78.0   12:44  61.9   04:23   0.0  52.8  0.01   4.5  31.0   11:56    SW
02  66.5  73.2   15:10  55.1   23:59   0.0  48.2  0.00   4.6  28.0   16:29     W
03  57.0  63.5   01:21  43.4   23:32   0.0  38.7  0.00   3.0  21.0   02:09    NW
04  53.9  63.4   13:38  40.6   03:26   0.0  35.6  0.21   3.8  22.0   21:39    SE
05  63.6  74.8   17:28  51.9   01:07   0.0  45.3  1.26   5.0  32.0   07:38    SE
06  53.6  64.7   00:00  49.8   23:30   0.0  35.3  0.17   3.5  20.0   13:11     W
07  52.7  61.3   15:59  46.5   04:19   0.0  34.4  0.00   4.5  20.0   07:50   WNW
08  50.4  61.8   16:12  35.8   06:08   0.0  32.1  0.00   1.9  20.0   13:17    NW
09  49.7  65.2   17:45  31.9   06:24   0.0  31.4  0.00   0.8  11.0   11:20   NNW
10  56.1  72.4   16:04  37.5   04:15   0.0  37.8  0.00   1.0  12.0   18:21    NE
11  51.9  58.8   00:00  49.2   21:24   0.0  33.6  1.15   2.3  16.0   14:54     E
12  51.1  55.7   15:17  48.5   23:47   0.0  32.8  0.11   1.2  13.0   21:24    SE
13  50.7  58.7   18:41  44.5   23:56   0.0  32.4  0.36   2.7  15.0   15:40   NNE
14  60.4  77.0   15:32  41.1   04:49   0.0  42.1  0.00   3.3  27.0   14:34   NNW
15  61.7  73.5   17:23  47.5   03:23   0.0  43.4  0.00   3.4  20.0   08:13   NNW
16  65.0  80.3   15:37  43.2   06:15   0.0  46.7  0.00   0.4   9.0   13:26   WSW
17  74.2  90.8   16:20  52.7   06:14   0.0  55.9  0.00   0.5  12.0   13:23   WSW
18  75.5  90.0   15:42  64.2   06:08   0.0  57.2  0.39   1.0  25.0   16:37   WSW
19  76.0  90.6   17:19  64.1   06:05   0.0  57.7  0.26   1.6  15.0   11:33   WNW
20  63.8  68.5   00:07  60.8   21:24   0.0  45.6  0.00   3.3  16.0   10:30    NE
21  60.6  65.8   16:22  56.2   06:34   0.0  42.3  0.00   1.6  14.0   16:46   SSE
22  61.7  68.9   17:27  56.0   07:07   0.0  43.4  0.46   0.2   8.0   13:02   SSW
23  57.9  63.1   14:47  50.9   05:28   0.0  39.6  0.06   0.5   9.0   09:53   ENE
24  60.5  66.5   11:44  56.5   03:01   0.0  42.2  0.16   2.7  22.0   21:55    SE
25  59.2  68.6   15:48  55.2   06:53   0.0  40.9  2.08   2.7  29.0   17:15   ENE
26  64.2  71.7   14:04  54.1   03:01   0.0  45.9  0.02   3.0  26.0   13:56   WNW
27  61.1  66.9   19:03  52.9   04:08   0.0  42.8  0.08   0.1   7.0   09:49   WNW
28  63.8  72.2   13:38  56.8   03:58   0.0  45.5  0.00   0.8  13.0   14:23    SE
29  69.8  79.8   16:17  63.3   04:10   0.0  51.5  0.02   1.2  16.0   13:57     W
30  64.2  67.9   00:00  60.0   09:14   0.0  45.9  0.06   2.0  13.0   03:31   ESE
31  69.7  81.8   17:42  61.3   23:58   0.0  51.4  0.00   1.2  16.0   18:08     W
----------------------------------------------------------------------------------
    61.2  90.8    17    31.9     9     0.01330.4  6.86   2.2  32.0     5     WNW

Max >=  27.0 31
Max <=   0.0  0
Min <=   0.0  0
Min <= -18.0  0
Max Rain: 2.08 on day 25
Days of Rain: 8 (>= 0.20 in)  1 (>= 2.00 in)  0 (>= 20.00 in)
Heat Base: 18.3  Cool Base: 18.3  Method: Integration