NOAA-Style Climate Reports

Select a Year or Month report
2017: Jan Feb Mar Apr May Jun Jul Aug Sep Oct Nov Dec

Report for 2017 April
                   Monthly Climatological Summary for Apr 2017

Name: Taylorstown Weather   City: Lovettsville   State: VA
Elevation: 435 ft  Lat: N 39 16 21   Lon: W 077 34 53

                  Temperature (°F), Rain (in), Wind Speed (mph)

                                      Heat  Cool        Avg
    Mean                              Deg   Deg         Wind                 Dom
Day Temp  High   Time   Low    Time   Days  Days  Rain  Speed High   Time    Dir
----------------------------------------------------------------------------------
01  48.8  55.0   14:13  43.1   00:00   0.0  30.5  0.02   5.5  22.0   12:47   NNW
02  50.4  63.3   17:50  37.7   06:24   0.0  32.1  0.00   2.1  15.0   00:29   NNW
03  53.8  66.1   13:25  38.6   04:50   0.0  35.9  0.07   4.6  24.0   14:24   SSW
04  64.4  76.4   17:33  52.0   03:10   0.0  46.1  0.01   5.5  30.0   14:54     W
05  62.6  69.2   15:22  54.9   06:56   0.0  44.3  0.00   4.5  23.0   22:02   ESE
06  53.7  59.6   00:00  47.5   23:02   0.0  35.4  0.85   5.1  28.0   21:51     S
07  43.0  47.5   00:00  40.5   20:39   0.0  24.8  0.00   7.4  31.0   13:23    NW
08  48.8  61.4   16:17  36.9   06:18   0.0  30.6  0.00   4.0  24.0   15:43    NW
09  55.0  70.8   17:05  32.7   06:54   0.0  36.7  0.00   2.1  14.0   10:56    SW
10  63.2  79.9   16:22  39.3   06:56   0.0  45.0  0.00   2.7  15.0   15:45    SW
11  70.6  84.5   16:05  49.4   07:07   0.0  52.3  0.00   1.5  22.0   23:13   WSW
12  66.9  76.1   16:45  60.5   09:45   0.0  48.6  0.01   2.1  13.0   00:45   NNW
13  58.1  67.3   16:23  48.5   07:10   0.0  39.8  0.00   2.1  15.0   15:00   NNE
14  56.6  69.9   16:44  43.2   03:01   0.0  38.3  0.00   1.5  11.0   10:05     E
15  62.2  75.2   17:03  50.0   05:22   0.0  43.9  0.04   1.8  13.0   11:48   SSW
16  71.2  83.6   13:28  57.1   04:35   0.0  52.9  0.00   4.1  23.0   17:33     W
17  64.6  71.7   00:00  52.4   23:59   0.0  46.3  0.15   1.7  16.0   16:33   NNW
18  59.0  71.7   17:23  41.9   06:36   0.0  40.7  0.00   1.9  14.0   19:15   ESE
19  54.6  59.7   17:29  49.6   06:02   0.0  36.3  0.06   3.3  15.0   16:23   SSW
20  65.3  81.1   15:26  52.4   05:20   0.0  47.0  0.12   1.4  14.0   19:53   SSW
21  69.5  81.6   18:00  60.5   04:24   0.0  51.2  0.01   1.4  16.0   16:01   WNW
22  53.8  65.2   00:44  44.2   23:53   0.0  35.5  0.44   1.7  14.0   16:00     N
23  51.4  61.1   16:25  39.6   06:43   0.0  33.1  0.01   1.4  13.0   08:46   ENE
24  52.1  58.7   15:36  49.7   21:58   0.0  33.8  0.21   3.0  16.0   10:50   ENE
25  54.2  57.0   16:40  50.9   03:23   0.0  35.9  0.09   7.1  22.0   12:31    NE
26  60.9  69.9   17:15  55.2   06:11   0.0  42.6  0.02   1.1  11.0   15:47   NNE
27  66.8  80.6   16:54  57.4   06:38   0.0  48.6  0.00   2.6  18.0   16:55   SSW
28  72.2  82.9   17:06  60.0   06:49   0.0  53.9  0.00   1.2  12.0   14:04   WSW
29  74.2  86.9   18:13  63.5   06:40   0.0  55.9  0.03   1.1  14.0   08:00     W
30  72.2  81.8   16:17  66.3   01:03   0.0  53.9  0.00   2.1  14.0   16:24     E
----------------------------------------------------------------------------------
    60.0  86.9    29    32.7     9     0.01251.9  2.14   2.9  31.0     7     WNW

Max >=  27.0 30
Max <=   0.0  0
Min <=   0.0  0
Min <= -18.0  0
Max Rain: 0.85 on day 6
Days of Rain: 3 (>= 0.20 in)  0 (>= 2.00 in)  0 (>= 20.00 in)
Heat Base: 18.3  Cool Base: 18.3  Method: Integration