NOAA-Style Climate Reports

Select a Year or Month report
2017: Jan Feb Mar Apr May Jun Jul Aug Sep Oct Nov Dec

Report for 2017 March
                   Monthly Climatological Summary for Mar 2017

Name: Taylorstown Weather   City: Lovettsville   State: VA
Elevation: 435 ft  Lat: N 39 16 21   Lon: W 077 34 53

                  Temperature (°F), Rain (in), Wind Speed (mph)

                                      Heat  Cool        Avg
    Mean                              Deg   Deg         Wind                 Dom
Day Temp  High   Time   Low    Time   Days  Days  Rain  Speed High   Time    Dir
----------------------------------------------------------------------------------
01  59.8  71.3   13:02  51.2   00:00   0.0  41.6  0.05   5.6  30.0   23:23   WSW
02  43.3  57.9   00:00  33.9   23:17   0.0  24.9  0.00   8.1  33.0   02:00   WNW
03  32.6  38.6   12:53  25.1   06:57   0.0  14.3  0.02   4.6  28.0   13:37    NW
04  30.3  39.8   15:07  20.0   04:42   0.0  12.0  0.00   3.5  21.0   11:28   NNW
05  27.3  38.5   16:19  17.2   06:19   0.0   9.0  0.00   2.1  15.0   04:06    NE
06  38.9  50.5   16:58  23.3   00:20   0.0  20.6  0.00   0.9   9.0   08:53   SSW
07  51.2  65.3   14:28  41.6   07:28   0.0  32.9  0.12   2.4  17.0   15:30    SW
08  56.0  64.0   15:31  46.9   07:07   0.0  37.7  0.02   7.5  29.0   12:28     W
09  59.6  68.8   15:09  51.3   23:59   0.0  41.3  0.00   6.0  26.0   01:40   WNW
10  37.7  51.3   00:00  27.3   23:44   0.0  19.4  0.16   6.9  27.0   16:32     N
11  28.0  34.8   14:57  22.7   06:29   0.0   9.7  0.00   5.1  20.0   12:19   NNW
12  29.2  38.4   16:26  20.7   07:53   0.0  10.4  0.00   3.8  18.0   14:58     N
13  29.7  42.7   16:26  16.6   07:04   0.1  11.5  0.00   3.5  18.0   14:40    SE
14  30.1  35.7   14:50  22.7   23:58   0.0  11.8  0.23   7.8  30.0   16:37     N
15  24.3  30.5   18:02  19.1   03:57   0.0   6.1  0.00   7.6  30.0   14:20    NW
16  31.4  38.4   17:18  24.2   04:14   0.0  13.1  0.04   4.5  23.0   00:28    NW
17  36.9  46.5   16:12  21.7   07:32   0.0  18.6  0.00   1.4  16.0   18:57     W
18  41.3  53.0   16:46  35.5   07:57   0.0  23.0  0.30   2.7  15.0   17:50   ENE
19  40.1  48.9   17:14  34.0   07:22   0.0  21.8  0.06   5.3  20.0   17:30   NNE
20  42.9  48.5   15:09  33.7   05:52   0.0  24.6  0.00   1.5  11.0   11:07   NNE
21  50.8  59.9   16:40  43.1   07:28   0.0  32.5  0.00   2.2  18.0   22:52    NW
22  42.2  55.9   00:06  31.6   23:59   0.0  24.0  0.00   9.2  28.0   13:07     N
23  35.0  47.6   17:25  19.5   07:24   0.0  16.7  0.00   1.4  12.0   14:15   SSW
24  45.7  60.6   16:51  33.1   05:04   0.0  27.4  0.19   4.0  18.0   17:14   SSW
25  65.3  76.6   15:11  52.4   06:20   0.0  47.0  0.00   1.3  16.0   23:24    SW
26  48.0  65.4   00:00  45.0   23:34   0.0  29.7  0.00   5.9  19.0   00:20   ESE
27  54.1  70.3   16:49  44.4   02:26   0.0  35.8  0.04   0.7  11.0   00:19    SE
28  58.9  69.3   15:47  52.8   07:27   0.0  40.6  0.34   1.3  15.0   15:16     N
29  56.4  62.1   16:45  49.2   23:34   0.0  38.1  0.00   5.1  20.0   09:28   NNE
30  47.1  52.5   15:41  40.9   04:50   0.0  28.8  0.00   4.3  15.0   22:03   SSE
31  44.0  48.7   00:00  40.3   10:55   0.0  25.7  0.93   4.2  17.0   04:50     E
----------------------------------------------------------------------------------
    42.5  76.6    25    16.6    13     0.1 750.6  2.50   4.4  33.0     2     NNW

Max >=  27.0 31
Max <=   0.0  0
Min <=   0.0  0
Min <= -18.0  0
Max Rain: 0.93 on day 31
Days of Rain: 4 (>= 0.20 in)  0 (>= 2.00 in)  0 (>= 20.00 in)
Heat Base: 18.3  Cool Base: 18.3  Method: Integration