NOAA-Style Climate Reports

Select a Year or Month report
2017: Jan Feb Mar Apr May Jun Jul Aug Sep Oct Nov Dec

Report for 2017
                   Annual Climatological Summary for 2017

Name: Taylorstown Weather   City: Lovettsville   State: VA
Elevation: 435 ft  Lat: N 39 16 21   Lon: W 077 34 53

                  Temperature (°F), Heat Base: 18.3  Cool Base: 18.3
                          Dep.  Heat  Cool                       Max  Max  Min  Min
        Mean  Mean        From  Deg   Deg                        >=   <=   <=   <=
 YR MO  Max   Min   Mean  Norm  Days  Days  Hi  Date  Low  Date 27.0  0.0  0.0 -18.0
------------------------------------------------------------------------------------
 17  1  44.5  31.4  38.0   0.0     5   616  68.0  12  10.5    9   28    0    0    0
 17  2  55.1  32.9  44.3   0.0     0   728  77.1  23  19.8   17   28    0    0    0
 17  3  52.7  33.6  42.5   0.0     0   751  76.6  25  16.6   13   31    0    0    0
 17  4  70.5  49.2  60.0   0.0     0  1252  86.9  29  32.7    9   30    0    0    0
 17  5  70.8  51.4  61.2   0.0     0  1330  90.8  17  31.9    9   31    0    0    0
 17  6  80.0  52.0  66.7   0.0     0   145  82.0   3  49.7    2    3    0    0    0
 17  7
 17  8
 17  9  77.7  53.7  65.9   0.0     0  1393  87.8  23   0.0    2   30    0    1    0
 17 10  70.1  46.5  58.9   0.0     0  1217  87.4   9   0.0   24   31    0    1    0
 17 11  54.9  35.8  45.4   0.0     0   814  74.1   3  17.5   11   30    0    0    0
 17 12  48.4  30.9  39.6   0.0     0   192  55.6   5  21.9    9    9    0    0    0
------------------------------------------------------------------------------------
        62.5  41.7  52.2   0.0     4  8437  90.8 May   0.0  Sep  251    0    2    0

                                Precipitation (in)

              Dep.   Max        Days of Rain
              From   Obs.           >=
 YR MO Total  Norm   Day Date 0.20 2.0020.00
---------------------------------------------
 17  1  2.84   0.0  0.84  23     4    0    0
 17  2  1.04   0.0  0.30   9     3    0    0
 17  3  2.50   0.0  0.93  31     4    0    0
 17  4  2.14   0.0  0.85   6     3    0    0
 17  5  6.86   0.0  2.08  25     8    1    0
 17  6  0.00   0.0  0.00   0     0    0    0
 17  9 13.54   0.0 11.58   2     3    1    0
 17 10  3.91   0.0  1.37  29     5    0    0
 17 11  1.31   0.0  0.60   7     2    0    0
 17 12  0.25   0.0  0.17   5     0    0    0
---------------------------------------------
       34.39   0.0 11.58  Sep   32    2    0

                                Wind Speed (mph)
                          Dom
 YR MO   Avg.  Hi   Date  Dir
------------------------------
 17  1   3.4  33.0    4    NW
 17  2   3.5  35.0   13   WNW
 17  3   4.4  33.0    2    NW
 17  4   2.9  31.0    7   WNW
 17  5   2.2  32.0    5   WNW
 17  6   1.6  21.0    1    NW
 17  7
 17  8
 17  9   1.0  25.0    5     N
 17 10   1.2  28.0   30    NW
 17 11   1.3  33.0   19   NNW
 17 12   1.4  28.0    6   WNW
------------------------------
         2.3  35.0  Feb    NW