NOAA-Style Climate Reports

Select a Year or Month report
2018: Jan Feb Mar Apr May Jun Jul Aug Sep Oct Nov Dec
2017: Jan Feb Mar Apr May Jun Jul Aug Sep Oct Nov Dec

Report for 2018 February
                   Monthly Climatological Summary for Feb 2018

Name: Taylorstown Weather   City: Lovettsville   State: VA
Elevation: 435 ft  Lat: N 39 16 21   Lon: W 077 34 53

                  Temperature (°F), Rain (in), Wind Speed (mph)

                                      Heat  Cool        Avg
    Mean                              Deg   Deg         Wind                 Dom
Day Temp  High   Time   Low    Time   Days  Days  Rain  Speed High   Time    Dir
----------------------------------------------------------------------------------
01  41.4  46.9   14:56  36.8   04:36   0.0  23.1  0.13   2.8  15.0   00:46    SW
02  25.9  39.5   01:53  17.6   23:33   0.0   7.7  0.01   5.8  26.0   12:18   NNW
03  24.9  33.7   15:22  13.5   02:06   1.0   7.6  0.00   3.7  15.0   11:50    SW
04  31.8  34.1   01:44  28.3   09:40   0.0  13.5  0.82   1.7  18.0   01:39   SSW
05  28.9  36.1   04:26  21.5   21:44   0.0  10.6  0.02   2.6  25.0   08:40   NNW
06  28.9  35.8   14:53  21.5   01:33   0.0  10.6  0.02   0.8  10.0   12:27     N
07  31.3  36.6   19:16  24.2   00:25   0.0  13.0  0.25   1.3  21.0   23:49   NNW
08  26.9  33.9   15:09  20.8   23:58   0.0   8.6  0.01   3.3  19.0   03:14     N
09  31.0  42.8   16:29  18.6   06:48   0.0  12.7  0.02   1.0  15.0   15:15   SSW
10  37.9  41.5   15:26  32.6   07:33   0.0  19.7  0.18   0.1   6.0   00:03     S
11  43.4  49.1   16:16  39.0   00:04   0.0  25.1  0.49   0.1   7.0   23:43   NNE
12  42.3  51.7   01:18  32.1   23:58   0.0  24.0  0.00   5.4  24.0   06:58     N
13  33.5  39.8   13:56  24.2   05:34   0.0  15.2  0.00   2.4  15.0   16:48   SSE
14  39.8  50.0   14:50  29.1   06:49   0.0  21.5  0.04   0.8  10.0   13:27    SW
15  57.4  71.1   13:19  42.5   07:09   0.0  39.1  0.02   1.0  16.0   20:39    SW
16  56.8  62.4   00:00  55.8   07:37   0.0  38.5  0.33   0.1  13.0   02:55   WNW
17  46.5  55.8   00:00  32.2   17:43   0.0  28.2  0.08   0.3   9.0   17:17   SSW
18  37.2  48.6   17:01  32.5   00:00   0.0  18.9  0.27   0.9  10.0   13:39    SW
19  42.3  48.2   13:55  37.5   00:38   0.0  24.0  0.01   2.7  13.0   17:34   SSW
20  60.3  77.7   15:39  44.1   01:28   0.0  42.0  0.00   3.6  18.0   13:36    SW
21  66.5  80.9   14:39  55.7   06:48   0.0  48.2  0.34   2.7  21.0   12:04    SW
22  46.2  63.2   00:00  39.8   21:49   0.0  27.9  0.06   5.6  17.0   17:30    NE
23  41.5  44.9   22:18  38.9   06:24   0.0  23.2  0.14   1.4  11.0   09:38     S
----------------------------------------------------------------------------------
    40.1  80.9    21    13.5     3     1.0 502.9  3.24   2.2  26.0     2     WNW

Max >=  27.0 23
Max <=   0.0  0
Min <=   0.0  0
Min <= -18.0  0
Max Rain: 0.82 on day 4
Days of Rain: 6 (>= 0.20 in)  0 (>= 2.00 in)  0 (>= 20.00 in)
Heat Base: 18.3  Cool Base: 18.3  Method: Integration